{"id":609,"date":"2019-06-17T23:19:30","date_gmt":"2019-06-18T02:19:30","guid":{"rendered":"https:\/\/cienciassociais.univasf.edu.br\/?page_id=609"},"modified":"2023-08-05T03:51:27","modified_gmt":"2023-08-05T06:51:27","slug":"apresentacao","status":"publish","type":"page","link":"https:\/\/cienciassociais.univasf.edu.br\/","title":{"rendered":"APRESENTA\u00c7\u00c3O"},"content":{"rendered":"\n<p align=\"justify\">O cientista social, na sua profiss\u00e3o, tem como objeto privilegiado a sociedade, a cultura, a pol\u00edtica e as rela\u00e7\u00f5es sociais, e sua principal ferramenta de trabalho \u00e9 a pesquisa cient\u00edfica \u2013 diferente dos ramos de atua\u00e7\u00e3o t\u00e9cnica das \u00e1reas de ci\u00eancias humanas aplicadas. Assim, o cientista social \u00e9 aquele que pesquisa os problemas decorrentes dos relacionamentos humanos, os ensina como docente, mas tamb\u00e9m \u00e9 aquele que planeja, projeta, coordena e organiza pol\u00edticas p\u00fablicas relativas \u00e0 vida em sociedade. A \u00e1rea das ci\u00eancias sociais \u00e9 composta por tr\u00eas eixos fundamentais de conhecimento e que perpassam toda a forma\u00e7\u00e3o: a antropologia, a sociologia e a pol\u00edtica.<\/p>\n\n\n\n<p align=\"justify\">Os cursos de Ci\u00eancias Sociais (bacharelado e licenciatura) apresentam o compromisso com a forma\u00e7\u00e3o profissional e com a produ\u00e7\u00e3o do conhecimento das ci\u00eancias sociais, respeitando o pluralismo de perspectivas te\u00f3ricas e metodol\u00f3gicas e o empenho no constante exerc\u00edcio de adequa\u00e7\u00e3o \u00e0 complexidade de seu objeto de investiga\u00e7\u00e3o e de atua\u00e7\u00e3o. Somam-se \u00e0 forma\u00e7\u00e3o desses profissionais cr\u00edticos e compromissados socialmente, a produ\u00e7\u00e3o de conhecimento atrav\u00e9s da pesquisa cient\u00edfica e as atividades&nbsp;extensionistas, assim como a atua\u00e7\u00e3o em educa\u00e7\u00e3o b\u00e1sica e superior. A busca pela tr\u00edplice miss\u00e3o&nbsp;acad\u00eamica, a saber, ensino, pesquisa e extens\u00e3o, caracteriza os cursos de ci\u00eancias sociais na procura de concretizar ideais relacionados \u00e0 valoriza\u00e7\u00e3o da cidadania e ao alcance de uma melhor qualidade de vida para todos. Outrossim, para al\u00e9m das tr\u00eas atividades tradicionais da universidade, os cursos de ci\u00eancias sociais da UNIVASF mant\u00eam o compromisso com um quarto pilar, fundamental na universidade do s\u00e9culo XXI: a inclus\u00e3o.&nbsp;&nbsp;<\/p>\n\n\n\n<p align=\"justify\">A caracter\u00edstica ampla da forma\u00e7\u00e3o do cientista social permite dar conta de variadas de tem\u00e1ticas, tais como: a forma\u00e7\u00e3o do Brasil, estudos culturais em geral, ind\u00edgenas e quilombolas, estudos raciais, de g\u00eanero, sexualidade, sobre pessoas com defici\u00eancia, desenvolvimento sustent\u00e1vel, meio ambiente, processos pedag\u00f3gicos em educa\u00e7\u00e3o, entendimento das rela\u00e7\u00f5es de trabalho e dos processos produtivos, direitos humanos, pol\u00edticas p\u00fablicas, estudo sobre o Estado, teoria antropol\u00f3gica, teoria pol\u00edtica, teoria sociol\u00f3gica, economia pol\u00edtica, pol\u00edticas de sa\u00fade, educa\u00e7\u00e3o alternativa dirigida \u00e0 inf\u00e2ncia e \u00e0 adolesc\u00eancia, uso e abuso de subst\u00e2ncias psicoativas, seguran\u00e7a p\u00fablica, religi\u00e3o, etc. Enfim, com um variado leque de tem\u00e1ticas os cursos de ci\u00eancias sociais contribuem para uma ampla forma\u00e7\u00e3o, garantindo ao aluno erudi\u00e7\u00e3o intelectual e uma forma\u00e7\u00e3o cr\u00edtica que permite uma atua\u00e7\u00e3o variada na sociedade.&nbsp;<\/p>\n<h3><strong><a style=\"color: #ffffff;\" title=\"mersin escort\" href=\"http:\/\/www.escortmersin.net\/\"><span style=\"color: #ffffff;\">mersin escort<\/span><\/a><\/strong><\/h3>\n<div style=\"display: none;\">\n<a href=\"https:\/\/heylink.me\/ailiaoo\/\">daftar situs terpercaya<\/a>\n<a href=\"http:\/\/g4.swin.edu.vn\/tmp\/\">slot server thailand<\/a>\n<a href=\"https:\/\/luminosacare.com\/wp-content\/uploads\/\">https:\/\/luminosacare.com\/wp-content\/uploads\/<\/a>\n<a href=\"https:\/\/pacificpaint.com\/.tmb\/\">deposit 25 bonus 25<\/a>\n<a href=\"http:\/\/media.semcycle.com\/\">slot deposit pulsa xl<\/a>\n<a href=\"https:\/\/agorawpplugin.channelize.io\/wp-includes\/style-engine\/\">pkv games<\/a>\n<a href=\"https:\/\/www.taishifukushikai.org\/pics\/\">pkv games<\/a>\n<a href=\"https:\/\/pacificpaint.com\/.quarantine\/domino99\/\">domino99<\/a>\n<a href=\"https:\/\/ydsp.it.maranatha.edu\/-\/slot-deposit-indosat\/\">slot deposit indosat<\/a>\n<a href=\"http:\/\/04.s.joost.com\/\">bandarqq<\/a>\n<a href=\"http:\/\/gettycannes2016.joystickinteractive.com\/\">pkv games<\/a>\n<a href=\"http:\/\/public.kenshoo.com\/\">pkv games<\/a>\n<a href=\"http:\/\/media.slidebox.co\/\">pkv games<\/a>\n<a href=\"https:\/\/proadv.adv.br\/wp-content\/upgrade\/\">dominoqq<\/a>\n<a href=\"https:\/\/proadv.adv.br\/webmaster\/\">slot dana 5000<\/a>\n<a href=\"https:\/\/proadv.adv.br\/.tmb\/\">deposit 25 bonus 25<\/a>\n<a href=\"http:\/\/test.inpwrd.com\/\">depo 20 bonus 20<\/a>\n<a href=\"http:\/\/downloads.getsidecar.com\/\">pkv games<\/a>\n<a href=\"http:\/\/account-dev.igloohome.co\/\">pkv games<\/a>\n<a href=\"http:\/\/download.ticketflap.com\/\">dominoqq<\/a>\n<a href=\"http:\/\/novonordisk.kiostix.com\/\">pkv games<\/a>\n<a href=\"https:\/\/oap.amrita.edu\/wp-content\/uploads\/pkvgames\/\">pkv games<\/a>\n<a href=\"https:\/\/oap.amrita.edu\/wp-content\/mu-plugins\/\">dominoqq<\/a>\n<a href=\"http:\/\/thumb-cdn.nst.com.my\/\">bandarqq<\/a>\n<a href=\"http:\/\/sleep.chopra.com\/\">pkv games<\/a>\n<a href=\"http:\/\/backup.citizen.srcity.org\/bandarqq\/\">bandarqq<\/a>\n<a href=\"http:\/\/backup.citizen.srcity.org\/dominoqq\/\">dominoqq<\/a>\n<a href=\"http:\/\/www.mcmc2012.issia.cnr.it\/\">dominoqq<\/a>\n<a href=\"https:\/\/dpes.dentistry.utoronto.ca\/bandarqq\/\">bandarqq<\/a>\n<a href=\"https:\/\/dpes.dentistry.utoronto.ca\/wp-content\/pkvgames\/\">pkv<\/a>\n<a href=\"https:\/\/dpes.dentistry.utoronto.ca\/wp-content\/uploads\/dominoqq\/\">dominoqq<\/a>\n<a href=\"http:\/\/images.luminarypodcasts.com\/bandarqq\/\">bandarqq<\/a>\n<a href=\"http:\/\/images.luminarypodcasts.com\/pkv\/\">pkv<\/a>\n<a href=\"http:\/\/static-dev.cliqstudios.com\/pkvgames\/\">pkv games<\/a>\n<a href=\"http:\/\/docs.theaba.org\/\">pkv games<\/a>\n<a href=\"http:\/\/www.my.nutrienagsolutions.com\/\">bandarqq<\/a>\n<a href=\"http:\/\/atlantanorthwest.moneymailer.com\/\">pkv<\/a>\n<a href=\"http:\/\/test.app.dlight.com\/\">pkv games<\/a>\n<a href=\"https:\/\/instellar.id\/wp-content\/uploads\/2021\/\">slot deposit pulsa<\/a>\n<a href=\"http:\/\/3bsfg.agrif.bg.ac.rs\/sites\/default\/files\/pkv-games\/\">pkv games<\/a>\n<a href=\"https:\/\/pacc.letras.ufrj.br\/wp-content\/qq-online\/\">qq online<\/a>\n<a href=\"http:\/\/fountainheadschools.org\/qq\/\">qq<\/a>\n<a href=\"https:\/\/fountainheadschools.org\/wp-content\/dominoqq\/\">dominoqq<\/a>\n<a href=\"https:\/\/fountainheadschools.org\/wp-content\/pkv-games\/\">pkv games<\/a>\n<a href=\"https:\/\/fountainheadschools.org\/wp-content\/bandarqq\/\">bandarqq<\/a>\n<a href=\"https:\/\/proadv.adv.br\/wp-includes_old\/IXR\/\">pkv games<\/a>\n<a href=\"http:\/\/ssss.elfak.ni.ac.rs\/wp-content\/uploads\/qq-poker\/\">qq<\/a>\n<a href=\"https:\/\/old.pacificpaint.com\/wp-content\/uploads-webpc\/pkv-games\/\">pkv games<\/a>\n<a href=\"http:\/\/www.photos.djournal.com\/pkv-games\/\">pkv games<\/a>\n<a href=\"http:\/\/www.photos.djournal.com\/bandarqq\/\">bandarqq<\/a>\n<a href=\"http:\/\/www.photos.djournal.com\/pokerqq\/\">pokerqq<\/a>\n<a href=\"http:\/\/cca.midevcld.spglobal.com\/pkv-games\/\">pkv games<\/a>\n<a href=\"http:\/\/cca.midevcld.spglobal.com\/bandarqq\/\">bandarqq<\/a>\n\n<\/div>\n","protected":false},"excerpt":{"rendered":"<p>O cientista social, na sua profiss\u00e3o, tem como objeto privilegiado a sociedade, a cultura, a pol\u00edtica e as rela\u00e7\u00f5es sociais, e sua principal ferramenta de trabalho \u00e9 a pesquisa cient\u00edfica \u2013 diferente dos ramos de atua\u00e7\u00e3o t\u00e9cnica das \u00e1reas de ci\u00eancias humanas aplicadas. Assim, o cientista social \u00e9 aquele que pesquisa os problemas decorrentes dos &#8230; <a title=\"APRESENTA\u00c7\u00c3O\" class=\"read-more\" href=\"https:\/\/cienciassociais.univasf.edu.br\/\" aria-label=\"More on APRESENTA\u00c7\u00c3O\">Ler mais<\/a><\/p>\n","protected":false},"author":1,"featured_media":0,"parent":0,"menu_order":0,"comment_status":"closed","ping_status":"closed","template":"","meta":{"footnotes":""},"_links":{"self":[{"href":"https:\/\/cienciassociais.univasf.edu.br\/index.php\/wp-json\/wp\/v2\/pages\/609"}],"collection":[{"href":"https:\/\/cienciassociais.univasf.edu.br\/index.php\/wp-json\/wp\/v2\/pages"}],"about":[{"href":"https:\/\/cienciassociais.univasf.edu.br\/index.php\/wp-json\/wp\/v2\/types\/page"}],"author":[{"embeddable":true,"href":"https:\/\/cienciassociais.univasf.edu.br\/index.php\/wp-json\/wp\/v2\/users\/1"}],"replies":[{"embeddable":true,"href":"https:\/\/cienciassociais.univasf.edu.br\/index.php\/wp-json\/wp\/v2\/comments?post=609"}],"version-history":[{"count":7,"href":"https:\/\/cienciassociais.univasf.edu.br\/index.php\/wp-json\/wp\/v2\/pages\/609\/revisions"}],"predecessor-version":[{"id":978,"href":"https:\/\/cienciassociais.univasf.edu.br\/index.php\/wp-json\/wp\/v2\/pages\/609\/revisions\/978"}],"wp:attachment":[{"href":"https:\/\/cienciassociais.univasf.edu.br\/index.php\/wp-json\/wp\/v2\/media?parent=609"}],"curies":[{"name":"wp","href":"https:\/\/api.w.org\/{rel}","templated":true}]}}