{"id":224,"date":"2019-06-05T09:38:42","date_gmt":"2019-06-05T12:38:42","guid":{"rendered":"https:\/\/cienciassociais.univasf.edu.br\/?page_id=224"},"modified":"2019-06-05T16:40:40","modified_gmt":"2019-06-05T19:40:40","slug":"calendario-academico","status":"publish","type":"page","link":"https:\/\/cienciassociais.univasf.edu.br\/index.php\/calendario-academico\/","title":{"rendered":"CALEND\u00c1RIO ACAD\u00caMICO"},"content":{"rendered":"\n<p align=\"justify\">A UNIVASF planeja antecipadamente suas atividades\/eventos acad\u00eamicos para o ano seguinte, por meio do Calend\u00e1rio Acad\u00eamico que \u00e9 deliberado pelo Conselho Universit\u00e1rio &#8211; CONUNI. Esse planejamento serve para que docentes e discentes saibam as datas para desenvolverem suas atividades de ensino e extens\u00e3o, bem como feriados e recessos acad\u00eamicos. Por isso, os alunos devem estar atentos aos prazos a fim de que n\u00e3o percam o direito aos servi\u00e7os oferecidos pelos diversos setores da Univasf. Clique no calend\u00e1rio e acompanhe as datas!\n\n\n\n<p><a href=\"http:\/\/portais.univasf.edu.br\/estudante\/informacoes-ao-estudante\/calendario\" target=\"_blank\" rel=\"noreferrer noopener\">Calend\u00e1rio Acad\u00eamico<\/a>\ufeff<\/p>\n","protected":false},"excerpt":{"rendered":"<p>A UNIVASF planeja antecipadamente suas atividades\/eventos acad\u00eamicos para o ano seguinte, por meio do Calend\u00e1rio Acad\u00eamico que \u00e9 deliberado pelo Conselho Universit\u00e1rio &#8211; CONUNI. Esse planejamento serve para que docentes e discentes saibam as datas para desenvolverem suas atividades de ensino e extens\u00e3o, bem como feriados e recessos acad\u00eamicos. Por isso, os alunos devem estar &#8230; <a title=\"CALEND\u00c1RIO ACAD\u00caMICO\" class=\"read-more\" href=\"https:\/\/cienciassociais.univasf.edu.br\/index.php\/calendario-academico\/\" aria-label=\"More on CALEND\u00c1RIO ACAD\u00caMICO\">Ler mais<\/a><\/p>\n","protected":false},"author":1,"featured_media":0,"parent":0,"menu_order":0,"comment_status":"closed","ping_status":"closed","template":"","meta":{"footnotes":""},"_links":{"self":[{"href":"https:\/\/cienciassociais.univasf.edu.br\/index.php\/wp-json\/wp\/v2\/pages\/224"}],"collection":[{"href":"https:\/\/cienciassociais.univasf.edu.br\/index.php\/wp-json\/wp\/v2\/pages"}],"about":[{"href":"https:\/\/cienciassociais.univasf.edu.br\/index.php\/wp-json\/wp\/v2\/types\/page"}],"author":[{"embeddable":true,"href":"https:\/\/cienciassociais.univasf.edu.br\/index.php\/wp-json\/wp\/v2\/users\/1"}],"replies":[{"embeddable":true,"href":"https:\/\/cienciassociais.univasf.edu.br\/index.php\/wp-json\/wp\/v2\/comments?post=224"}],"version-history":[{"count":2,"href":"https:\/\/cienciassociais.univasf.edu.br\/index.php\/wp-json\/wp\/v2\/pages\/224\/revisions"}],"predecessor-version":[{"id":248,"href":"https:\/\/cienciassociais.univasf.edu.br\/index.php\/wp-json\/wp\/v2\/pages\/224\/revisions\/248"}],"wp:attachment":[{"href":"https:\/\/cienciassociais.univasf.edu.br\/index.php\/wp-json\/wp\/v2\/media?parent=224"}],"curies":[{"name":"wp","href":"https:\/\/api.w.org\/{rel}","templated":true}]}}

CALENDÁRIO ACADÊMICO

<p align="justify">A UNIVASF planeja antecipadamente suas atividades/eventos acadêmicos para o ano seguinte, por meio do Calendário Acadêmico que é deliberado pelo Conselho Universitário &#8211; CONUNI. Esse planejamento serve para que docentes e discentes saibam as datas para desenvolverem suas atividades de ensino e extensão, bem como feriados e recessos acadêmicos. Por isso, os alunos devem estar atentos aos prazos a fim de que não percam o direito aos serviços oferecidos pelos diversos setores da Univasf. Clique no calendário e acompanhe as datas!



<p><a href="http://portais.univasf.edu.br/estudante/informacoes-ao-estudante/calendario" target="_blank" rel="noreferrer noopener">Calendário Acadêmico</a>﻿</p>

<p>A UNIVASF planeja antecipadamente suas atividades/eventos acadêmicos para o ano seguinte, por meio do Calendário Acadêmico que é deliberado pelo Conselho Universitário &#8211; CONUNI. Esse planejamento serve para que docentes e discentes saibam as datas para desenvolverem suas atividades de ensino e extensão, bem como feriados e recessos acadêmicos. Por isso, os alunos devem estar &#8230; <a title="CALENDÁRIO ACADÊMICO" class="read-more" href="https://cienciassociais.univasf.edu.br/index.php/calendario-academico/" aria-label="More on CALENDÁRIO ACADÊMICO">Ler mais</a></p>
