{"id":113,"date":"2019-06-04T16:32:41","date_gmt":"2019-06-04T19:32:41","guid":{"rendered":"https:\/\/cienciassociais.univasf.edu.br\/?page_id=113"},"modified":"2024-10-01T16:12:34","modified_gmt":"2024-10-01T19:12:34","slug":"secretaria","status":"publish","type":"page","link":"https:\/\/cienciassociais.univasf.edu.br\/index.php\/secretaria\/","title":{"rendered":"SECRETARIA"},"content":{"rendered":"\n<p class=\"has-medium-font-size\">ASSISTENTE ADMINISTRATIVO<\/p>\n\n\n\n<p>Rayane&nbsp;Michaele Amorim Maciano <\/p>\n\n\n\n<figure class=\"wp-block-image is-resized\"><img decoding=\"async\" loading=\"lazy\" src=\"https:\/\/cienciassociais.univasf.edu.br\/wp-content\/uploads\/2019\/06\/rayane-1-679x1024.jpg\" alt=\"\" class=\"wp-image-389\" style=\"width:157px;height:236px\" width=\"157\" height=\"236\" srcset=\"https:\/\/cienciassociais.univasf.edu.br\/wp-content\/uploads\/2019\/06\/rayane-1-679x1024.jpg 679w, https:\/\/cienciassociais.univasf.edu.br\/wp-content\/uploads\/2019\/06\/rayane-1-199x300.jpg 199w, https:\/\/cienciassociais.univasf.edu.br\/wp-content\/uploads\/2019\/06\/rayane-1-768x1158.jpg 768w, https:\/\/cienciassociais.univasf.edu.br\/wp-content\/uploads\/2019\/06\/rayane-1.jpg 849w\" sizes=\"(max-width: 157px) 100vw, 157px\" \/><\/figure>\n\n\n\n<p><\/p>\n\n\n\n<figure class=\"wp-block-image is-resized\"><img decoding=\"async\" loading=\"lazy\" src=\"https:\/\/cienciassociais.univasf.edu.br\/wp-content\/uploads\/2019\/06\/separador.png\" alt=\"\" class=\"wp-image-395\" style=\"width:355px;height:35px\" width=\"355\" height=\"35\" srcset=\"https:\/\/cienciassociais.univasf.edu.br\/wp-content\/uploads\/2019\/06\/separador.png 1000w, https:\/\/cienciassociais.univasf.edu.br\/wp-content\/uploads\/2019\/06\/separador-300x30.png 300w, https:\/\/cienciassociais.univasf.edu.br\/wp-content\/uploads\/2019\/06\/separador-768x77.png 768w\" sizes=\"(max-width: 355px) 100vw, 355px\" \/><\/figure>\n\n\n\n<p class=\"has-medium-font-size\">COORDENA\u00c7\u00c3O <\/p>\n\n\n\n<p>Jos\u00e9 Fernando Souto Junior &#8211; Bacharelado<\/p>\n\n\n\n<p> Helga do Nascimento de Almeida &#8211; Licenciatura <\/p>\n\n\n\n<p><\/p>\n\n\n\n<p><\/p>\n\n\n\n<figure class=\"wp-block-image is-resized\"><img decoding=\"async\" loading=\"lazy\" src=\"https:\/\/cienciassociais.univasf.edu.br\/wp-content\/uploads\/2019\/06\/separador.png\" alt=\"\" class=\"wp-image-395\" style=\"width:337px;height:33px\" width=\"337\" height=\"33\" srcset=\"https:\/\/cienciassociais.univasf.edu.br\/wp-content\/uploads\/2019\/06\/separador.png 1000w, https:\/\/cienciassociais.univasf.edu.br\/wp-content\/uploads\/2019\/06\/separador-300x30.png 300w, https:\/\/cienciassociais.univasf.edu.br\/wp-content\/uploads\/2019\/06\/separador-768x77.png 768w\" sizes=\"(max-width: 337px) 100vw, 337px\" \/><\/figure>\n\n\n\n<p><br><\/p>\n\n\n\n<p class=\"has-medium-font-size\">INFORMA\u00c7\u00d5ES DE CONTATO<\/p>\n\n\n\n<p>Endere\u00e7o: Avenida Ant\u00f4nio Carlos Magalh\u00e3es, n\u00ba. 510, Country\nClub Juazeiro\/BA &#8211; CEP 48.902-300. <\/p>\n\n\n\n<p>E-mail: ccsociais@univasf.edu.br<\/p>\n\n\n\n<p>WhatsApp: (74) 9969-5778<\/p>\n\n\n\n<p>Hor\u00e1rio de atendimento presencial: ter\u00e7as e quartas das 14h00 \u00e0s 21h00. <\/p>\n","protected":false},"excerpt":{"rendered":"<p>ASSISTENTE ADMINISTRATIVO Rayane&nbsp;Michaele Amorim Maciano COORDENA\u00c7\u00c3O Jos\u00e9 Fernando Souto Junior &#8211; Bacharelado Helga do Nascimento de Almeida &#8211; Licenciatura INFORMA\u00c7\u00d5ES DE CONTATO Endere\u00e7o: Avenida Ant\u00f4nio Carlos Magalh\u00e3es, n\u00ba. 510, Country Club Juazeiro\/BA &#8211; CEP 48.902-300. E-mail: ccsociais@univasf.edu.br WhatsApp: (74) 9969-5778 Hor\u00e1rio de atendimento presencial: ter\u00e7as e quartas das 14h00 \u00e0s 21h00.<\/p>\n","protected":false},"author":1,"featured_media":0,"parent":0,"menu_order":0,"comment_status":"closed","ping_status":"closed","template":"","meta":{"footnotes":""},"_links":{"self":[{"href":"https:\/\/cienciassociais.univasf.edu.br\/index.php\/wp-json\/wp\/v2\/pages\/113"}],"collection":[{"href":"https:\/\/cienciassociais.univasf.edu.br\/index.php\/wp-json\/wp\/v2\/pages"}],"about":[{"href":"https:\/\/cienciassociais.univasf.edu.br\/index.php\/wp-json\/wp\/v2\/types\/page"}],"author":[{"embeddable":true,"href":"https:\/\/cienciassociais.univasf.edu.br\/index.php\/wp-json\/wp\/v2\/users\/1"}],"replies":[{"embeddable":true,"href":"https:\/\/cienciassociais.univasf.edu.br\/index.php\/wp-json\/wp\/v2\/comments?post=113"}],"version-history":[{"count":24,"href":"https:\/\/cienciassociais.univasf.edu.br\/index.php\/wp-json\/wp\/v2\/pages\/113\/revisions"}],"predecessor-version":[{"id":987,"href":"https:\/\/cienciassociais.univasf.edu.br\/index.php\/wp-json\/wp\/v2\/pages\/113\/revisions\/987"}],"wp:attachment":[{"href":"https:\/\/cienciassociais.univasf.edu.br\/index.php\/wp-json\/wp\/v2\/media?parent=113"}],"curies":[{"name":"wp","href":"https:\/\/api.w.org\/{rel}","templated":true}]}}

<p class="has-medium-font-size">ASSISTENTE ADMINISTRATIVO</p>



<p>Rayane&nbsp;Michaele Amorim Maciano </p>



<figure class="wp-block-image is-resized"><img decoding="async" loading="lazy" src="https://cienciassociais.univasf.edu.br/wp-content/uploads/2019/06/rayane-1-679x1024.jpg" alt="" class="wp-image-389" style="width:157px;height:236px" width="157" height="236" srcset="https://cienciassociais.univasf.edu.br/wp-content/uploads/2019/06/rayane-1-679x1024.jpg 679w, https://cienciassociais.univasf.edu.br/wp-content/uploads/2019/06/rayane-1-199x300.jpg 199w, https://cienciassociais.univasf.edu.br/wp-content/uploads/2019/06/rayane-1-768x1158.jpg 768w, https://cienciassociais.univasf.edu.br/wp-content/uploads/2019/06/rayane-1.jpg 849w" sizes="(max-width: 157px) 100vw, 157px" /></figure>



<p></p>



<figure class="wp-block-image is-resized"><img decoding="async" loading="lazy" src="https://cienciassociais.univasf.edu.br/wp-content/uploads/2019/06/separador.png" alt="" class="wp-image-395" style="width:355px;height:35px" width="355" height="35" srcset="https://cienciassociais.univasf.edu.br/wp-content/uploads/2019/06/separador.png 1000w, https://cienciassociais.univasf.edu.br/wp-content/uploads/2019/06/separador-300x30.png 300w, https://cienciassociais.univasf.edu.br/wp-content/uploads/2019/06/separador-768x77.png 768w" sizes="(max-width: 355px) 100vw, 355px" /></figure>



<p class="has-medium-font-size">COORDENAÇÃO </p>



<p>José Fernando Souto Junior &#8211; Bacharelado</p>



<p> Helga do Nascimento de Almeida &#8211; Licenciatura </p>



<p></p>



<p></p>



<figure class="wp-block-image is-resized"><img decoding="async" loading="lazy" src="https://cienciassociais.univasf.edu.br/wp-content/uploads/2019/06/separador.png" alt="" class="wp-image-395" style="width:337px;height:33px" width="337" height="33" srcset="https://cienciassociais.univasf.edu.br/wp-content/uploads/2019/06/separador.png 1000w, https://cienciassociais.univasf.edu.br/wp-content/uploads/2019/06/separador-300x30.png 300w, https://cienciassociais.univasf.edu.br/wp-content/uploads/2019/06/separador-768x77.png 768w" sizes="(max-width: 337px) 100vw, 337px" /></figure>



<p><br></p>



<p class="has-medium-font-size">INFORMAÇÕES DE CONTATO</p>



<p>Endereço: Avenida Antônio Carlos Magalhães, nº. 510, Country
Club Juazeiro/BA &#8211; CEP 48.902-300. </p>



<p>E-mail: ccsociais@univasf.edu.br</p>



<p>WhatsApp: (74) 9969-5778</p>



<p>Horário de atendimento presencial: terças e quartas das 14h00 às 21h00. </p>

<p>ASSISTENTE ADMINISTRATIVO Rayane&nbsp;Michaele Amorim Maciano COORDENAÇÃO José Fernando Souto Junior &#8211; Bacharelado Helga do Nascimento de Almeida &#8211; Licenciatura INFORMAÇÕES DE CONTATO Endereço: Avenida Antônio Carlos Magalhães, nº. 510, Country Club Juazeiro/BA &#8211; CEP 48.902-300. E-mail: ccsociais@univasf.edu.br WhatsApp: (74) 9969-5778 Horário de atendimento presencial: terças e quartas das 14h00 às 21h00.</p>
